{"id":18,"date":"2024-02-29T20:20:46","date_gmt":"2024-02-29T19:20:46","guid":{"rendered":"https:\/\/silversiri.se\/?page_id=18"},"modified":"2025-08-28T10:47:05","modified_gmt":"2025-08-28T08:47:05","slug":"about","status":"publish","type":"page","link":"https:\/\/silversiri.se\/?page_id=18","title":{"rendered":"Om"},"content":{"rendered":"\n<div class=\"wp-block-columns alignwide is-layout-flex wp-container-core-columns-layout-1 wp-block-columns-is-layout-flex\">\n<div class=\"wp-block-column is-layout-flow wp-block-column-is-layout-flow\">\n<p>Hej! <\/p>\n\n\n\n<p>Mitt namn \u00e4r Siri och studerar tredje \u00e5ret p\u00e5 kandidatprogrammet f\u00f6r Smycke och Corpus: \u00c4dellab p\u00e5 Konstfack i Stockholm. Tidigare har jag g\u00e5tt ett h\u00f6gskolef\u00f6rberedande \u00e5r p\u00e5 Nyckelviksskolans Metallforgivningsutbildning. <\/p>\n\n\n\n<p>Jag arbetar mycket i metall, ofta i kombination med andra material. 3D-printning \u00e4r en teknik som \u00e4r vanligt f\u00f6rekommande i mina projekt tillsammans med traditionella metallbearbetningstekniker. <\/p>\n\n\n\n<p>Teman som ofta \u00e4r n\u00e4rvarande i mina verk \u00e4r sorg, minne och musik. I m\u00e5nga fall kan de till och med ha en tydlig korrelation med varandra i det jag skapar.<\/p>\n<\/div>\n\n\n\n<div class=\"wp-block-column is-layout-flow wp-block-column-is-layout-flow\">\n<figure class=\"wp-block-image size-full is-resized\"><img loading=\"lazy\" decoding=\"async\" width=\"945\" height=\"1417\" src=\"https:\/\/silversiri.se\/wp-content\/uploads\/2025\/03\/MG_0032-copy.jpg\" alt=\"\" class=\"wp-image-906\" style=\"width:435px;height:auto\" srcset=\"https:\/\/silversiri.se\/wp-content\/uploads\/2025\/03\/MG_0032-copy.jpg 945w, https:\/\/silversiri.se\/wp-content\/uploads\/2025\/03\/MG_0032-copy-200x300.jpg 200w, https:\/\/silversiri.se\/wp-content\/uploads\/2025\/03\/MG_0032-copy-768x1152.jpg 768w\" sizes=\"(max-width: 945px) 100vw, 945px\" \/><\/figure>\n<\/div>\n<\/div>\n\n\n\n<p><\/p>\n\n\n\n<p><\/p>\n","protected":false},"excerpt":{"rendered":"<p>Hej! Mitt namn \u00e4r Siri och studerar tredje \u00e5ret p\u00e5 kandidatprogrammet f\u00f6r Smycke och Corpus: \u00c4dellab p\u00e5 Konstfack i Stockholm. Tidigare har jag g\u00e5tt ett h\u00f6gskolef\u00f6rberedande \u00e5r p\u00e5 Nyckelviksskolans Metallforgivningsutbildning. Jag arbetar mycket i metall, ofta i kombination med andra material. 3D-printning \u00e4r en teknik som \u00e4r vanligt f\u00f6rekommande i mina projekt tillsammans med traditionella [&hellip;]<\/p>\n","protected":false},"author":1,"featured_media":0,"parent":0,"menu_order":0,"comment_status":"closed","ping_status":"closed","template":"","meta":{"_monsterinsights_skip_tracking":false,"_monsterinsights_sitenote_active":false,"_monsterinsights_sitenote_note":"","_monsterinsights_sitenote_category":0,"footnotes":""},"_links":{"self":[{"href":"https:\/\/silversiri.se\/index.php?rest_route=\/wp\/v2\/pages\/18"}],"collection":[{"href":"https:\/\/silversiri.se\/index.php?rest_route=\/wp\/v2\/pages"}],"about":[{"href":"https:\/\/silversiri.se\/index.php?rest_route=\/wp\/v2\/types\/page"}],"author":[{"embeddable":true,"href":"https:\/\/silversiri.se\/index.php?rest_route=\/wp\/v2\/users\/1"}],"replies":[{"embeddable":true,"href":"https:\/\/silversiri.se\/index.php?rest_route=%2Fwp%2Fv2%2Fcomments&post=18"}],"version-history":[{"count":6,"href":"https:\/\/silversiri.se\/index.php?rest_route=\/wp\/v2\/pages\/18\/revisions"}],"predecessor-version":[{"id":982,"href":"https:\/\/silversiri.se\/index.php?rest_route=\/wp\/v2\/pages\/18\/revisions\/982"}],"wp:attachment":[{"href":"https:\/\/silversiri.se\/index.php?rest_route=%2Fwp%2Fv2%2Fmedia&parent=18"}],"curies":[{"name":"wp","href":"https:\/\/api.w.org\/{rel}","templated":true}]}}