{"id":134,"date":"2024-03-02T14:36:54","date_gmt":"2024-03-02T13:36:54","guid":{"rendered":"https:\/\/silversiri.se\/?page_id=134"},"modified":"2025-11-30T11:27:44","modified_gmt":"2025-11-30T10:27:44","slug":"contact-2","status":"publish","type":"page","link":"https:\/\/silversiri.se\/?page_id=134","title":{"rendered":"Kontakt"},"content":{"rendered":"\n<p>Kontakta mig g\u00e4rna!<\/p>\n\n\n\n<p>Jag tar f\u00f6r n\u00e4rvarande <strong>inte<\/strong> best\u00e4llningar p\u00e5 Tunnelbanelampan. Mer info om det kommer.<\/p>\n\n\n\n<p>Om du har fr\u00e5gor, maila mig p\u00e5: <a href=\"mailto:sirijunellab@gmail.com\">sirijunellab@gmail.com<\/a><\/p>\n\n\n\n<p>Det g\u00e5r ocks\u00e5 bra att skriva till mig p\u00e5 instagram @<a href=\"https:\/\/www.instagram.com\/siri.junell\/\">siri.junell<\/a><\/p>\n\n\n\n<p><\/p>\n","protected":false},"excerpt":{"rendered":"<p>Kontakta mig g\u00e4rna! Jag tar f\u00f6r n\u00e4rvarande inte best\u00e4llningar p\u00e5 Tunnelbanelampan. Mer info om det kommer. Om du har fr\u00e5gor, maila mig p\u00e5: sirijunellab@gmail.com Det g\u00e5r ocks\u00e5 bra att skriva till mig p\u00e5 instagram @siri.junell<\/p>\n","protected":false},"author":1,"featured_media":0,"parent":0,"menu_order":0,"comment_status":"closed","ping_status":"closed","template":"","meta":{"_monsterinsights_skip_tracking":false,"_monsterinsights_sitenote_active":false,"_monsterinsights_sitenote_note":"","_monsterinsights_sitenote_category":0,"footnotes":""},"_links":{"self":[{"href":"https:\/\/silversiri.se\/index.php?rest_route=\/wp\/v2\/pages\/134"}],"collection":[{"href":"https:\/\/silversiri.se\/index.php?rest_route=\/wp\/v2\/pages"}],"about":[{"href":"https:\/\/silversiri.se\/index.php?rest_route=\/wp\/v2\/types\/page"}],"author":[{"embeddable":true,"href":"https:\/\/silversiri.se\/index.php?rest_route=\/wp\/v2\/users\/1"}],"replies":[{"embeddable":true,"href":"https:\/\/silversiri.se\/index.php?rest_route=%2Fwp%2Fv2%2Fcomments&post=134"}],"version-history":[{"count":6,"href":"https:\/\/silversiri.se\/index.php?rest_route=\/wp\/v2\/pages\/134\/revisions"}],"predecessor-version":[{"id":1016,"href":"https:\/\/silversiri.se\/index.php?rest_route=\/wp\/v2\/pages\/134\/revisions\/1016"}],"wp:attachment":[{"href":"https:\/\/silversiri.se\/index.php?rest_route=%2Fwp%2Fv2%2Fmedia&parent=134"}],"curies":[{"name":"wp","href":"https:\/\/api.w.org\/{rel}","templated":true}]}}